345643734?
4
What is the millions digit of 56105648?
6
What is the units digit of 1770336?
6
What is the hundred thousands digit of 63507514?
5
What is the units digit of 198519014?
4
What is the hundreds digit of 6772079?
0
What is the billions digit of 1535302226?
1
What is the ten millions digit of 38871050?
3
What is the hundreds digit of 166619569?
5
What is the thousands digit of 9723738?
3
What is the hundreds digit of 305356856?
8
What is the ten thousands digit of 736699538?
9
What is the thousands digit of 9709641?
9
What is the ten millions digit of 358077930?
5
What is the ten thousands digit of 238555376?
5
What is the ten thousands digit of 28682361?
8
What is the hundreds digit of 725774525?
5
What is the units digit of 380607899?
9
What is the millions digit of 42406296?
2
What is the units digit of 205668149?
9
What is the thousands digit of 459728581?
8
What is the hundreds digit of 1408902157?
1
What is the ten millions digit of 3218464932?
1
What is the hundreds digit of 142788801?
8
What is the ten millions digit of 54597517?
5
What is the tens digit of 67677972?
7
What is the thousands digit of 203121676?
1
What is the hundreds digit of 2357454605?
6
What is the thousands digit of 1129658076?
8
What is the units digit of 1658371542?
2
What is the hundreds digit of 13981895?
8
What is the thousands digit of 107238804?
8
What is the millions digit of 2976255012?
6
What is the billions digit of 2816562469?
2
What is the tens digit of 38730169?
6
What is the hundred thousands digit of 968632425?
6
What is the thousands digit of 1136125235?
5
What is the hundred thousands digit of 428077264?
0
What is the hundred thousands digit of 180573849?
5
What is the hundred millions digit of 164349119?
1
What is the millions digit of 2743208262?
3
What is the hundred thousands digit of 753591279?
5
What is the hundred thousands digit of 13761738?
7
What is the thousands digit of 1645552085?
2
What is the ten thousands digit of 235521354?
2
What is the thousands digit of 16084600?
4
What is the millions digit of 4928346819?
8
What is the ten millions digit of 14395432?
1
What is the millions digit of 3688966274?
8
What is the ten millions digit of 33838273?
3
What is the units digit of 48227588?
8
What is the units digit of 7813391?
1
What is the ten thousands digit of 658194226?
9
What is the units digit of 7883314499?
9
What is the hundreds digit of 49165613?
6
What is the hundreds digit of 984776441?
4
What is the ten millions digit of 231687770?
3
What is the ten thousands digit of 656242080?
4
What is the units digit of 871843712?
2
What is the units digit of 1651879809?
9
What is the thousands digit of 2188052131?
2
What is the units digit of 37513325?
5
What is the billions digit of 2183654724?
2
What is the millions digit of 60005535?
0
What is the billions digit of 8223862678?
8
What is the ten millions digit of 799327259?
9
What is the ten thousands digit of 5013728685?
2
What is the units digit of 19298693?
3
What is the tens digit of 2598789523?
2
What is the millions digit of 1578465442?
8
What is the thousands digit of 1867961040?
1
What is the thousands digit of 6733784747?
4
What is the units digit of 3300091950?
0
What is the units digit of 2341531116?
6
What is the units digit of 344739075?
5
What is the hundred thousands digit of 12351568?
3
What is the hundreds digit of 176040830?
8
What is the hundred millions digit of 281847951?
2
What is the units digit of 1155444195?
5
What is the ten thousands digit of 58150237?
5
What is the ten millions digit of 92884381?
9
What is the hundreds digit of 1599800275?
2
What is the thousands digit of 2451620054?
0
What is the ten millions digit of 32822700?
3
What is the hundreds digit of 773150776?
7
What is the thousands digit of 3077779919?
9
What is the thousands digit of 59460516?
0
What is the ten millions digit of 1704150648?
0
What is the millions digit of 1353552730?
3
What is the billions digit of 1701347421?
1
What is the tens digit of 40645526?
2
What is the hundred thousands digit of 167437049?
4
What is the hundred millions digit of 1007298279?
0
What is the hundred millions digit of 472791545?
4
What is the hundred millions digit of 870495596?
8
What is the ten millions digit of 47177536?
4
What is the units digit of 923140544?
4
What is the billions digit of 2513062710?
2
What is the ten thousands digit of 466457039?
5
What is the hundreds digit of 1473237380?
3
What is the tens digit of 304348851?
5
What is the thousands digit of 254576666?
6
What is the ten millions digit of 2191591847?
9
What is the hundred millions digit of 138245579?
1
What is the hundreds digit of 1694371346?
3
What is the hundreds digit of 5082690266?
2
What is the millions digit of 184455555?
4
What is the hundred thousands digit of 2609507872?
5
What is the hundred millions digit of 324140066?
3
What is the hundred thousands digit of 51092502?
0
What is the thousands digit of 143751061?
1
What is the thousands digit of 4400609538?
9
What is the millions digit of 43536373?
3
What is the millions digit of 1006443268?
6
What is the hundred thousands digit of 27560062?
5
What is the ten millions digit of 1474296140?
7
What is the units digit of 10267950?
0
What is the millions digit of 170138583?
0
What is the units digit of 25584278?
8
What is the tens digit of 157125341?
4
What is the hundreds digit of 150606045?
0
What is the hundred millions digit of 1127121170?
1
What is the ten thousands digit of 2496599615?
9
What is the hundred thousands digit of 2191230831?
2
What is the thousands digit of 26173388?
3
What is the tens digit of 240818261?
6
What is the units digit of 482936736?
6
What is the units digit of 362611301?
1
What is the millions digit of 36684632?
6
What is the thousands digit of 1281568077?
8
What is the tens digit of 1675802534?
3
What is the ten thousands digit of 72204647?
0
What is the ten thousands digit of 8506767?
0
What is the thousands digit of 1915401523?
1
What is the thousands digit of 4385645?
5
What is the hundreds digit of 480532750?
7
What is the hundred thousands digit of 79522918?
5
What is the tens digit of 50032387?
8
What is the units digit of 519946287?
7
What is the ten millions digit of 735036989?
3
What is the hundred thousands digit of 98840174?
8
What is the hundred millions digit of 212963291?
2
What is the ten thousands digit of 4527744904?
4
What is the hundreds digit of 6493475311?
3
What is the hundred thousands digit of 591932598?
9
What is the millions digit of 354777441?
4
What is the millions digit of 330179167?
0
What is the millions digit of 29963576?
9
What is the thousands digit of 4957998262?
8
What is the ten millions digit of 17466446?
1
What is the hundreds digit of 187605589?
5
What is the hundreds digit of 338512294?
2
What is the thousands digit of 2723325025?
5
What is the hundred thousands digit of 1106281355?
2
What is the tens digit of 285498737?
3
What is the hundreds digit of 4875598239?
2
What is the hundreds digit of 43683160?
1
What is the units digit of 324438515?
5
What is the units digit of 9271017?
7
What is the ten thousands digit of 6887259498?
5
What is the ten thousands digit of 285573004?
7
What is the hundred millions digit of 426554683?
4
What is the hundred thousands digit of 16854027?
8
What is the thousands digit of 18787155?
7
What is the hundreds digit of 122986263?
2
What is the hundred thousands digit of 109640485?
6
What is the billions digit of 1562401332?
1
What is the hundred millions digit of 265116993?
2
What is the units digit of 2051364793?
3
What is the billions digit of 1225679243?
1
What is the ten thousands digit of 56364290?
6
What is the hundreds digit of 56186861?
8
What is the hundred millions digit of 328995931?
3
What is the tens digit of 33688918?
1
What is the hundreds digit of 650307466?
4
What is the units digit of 30414286?
6
What is the hundred thousands digit of 444584645?
5
What is the ten thousands digit of 204476543?
7
What is the thousands digit of 15246018?
6
What is the ten millions digit of 47163849?
4
What is the hundred thousands digit of 157451186?
4
What is the hundreds digit of 56957623?
6
What is the millions digit of 1103599361?
3
What is the tens digit of 2